e h(m). Let r(f) = -f**3 + 4*f**2 + 6*f - 2. List the prime factors of r(y).
3
Let w(c) = 3*c**2 - c. Let j be w(1). Suppose -43 = -j*o + l - 4*l, o + 2*l - 23 = 0. List the prime factors of o.
17
Let o(x) = -x + 12. Let s be o(10). Suppose -j + s = -14. Let a = j + 5. List the prime factors of a.
3, 7
Suppose -4*g + i = 60, 2*i + 23 = -4*g - 25. Let x = g + 20. What are the prime factors of x?
2, 3
Let u(h) = -h**2 + 11*h - 10. Let f be u(10). Let p(d) = -d + 5. Let y be p(f). Suppose 5*a + 0*w = 3*w + 27, -y*w = 20. List the prime factors of a.
3
List the prime factors of (-715)/(-10) - 15/(-6).
2, 37
Suppose -6*u + 8 = -2*u. Suppose -5*b + 2 = u*l - 17, -22 = -5*l - 4*b. Suppose -l*c = 2*k - 14, -4*k - 5*c + 19 = -11. What are the prime factors of k?
5
List the prime factors of -2 + (31 - (7 + -3)).
5
Suppose -57*w - 1385 = -62*w. What are the prime factors of w?
277
Suppose -5 = -3*d + 7, -3*c - d + 1 = 0. List the prime factors of 3 + c + 7 - 2.
7
Let m = 0 - -2. Suppose 6 = 2*f + m. Suppose -2*w + 16 = 2*w, 5*w = 3*l + f. List the prime factors of l.
2, 3
Suppose -60 = 5*p + 5*q, q - 44 = 3*p + 2*q. What are the prime factors of (p - 1)*(-5 + 3)?
2, 17
Let i = 4 + -6. Let g be i/(-5) + (-8)/(-5). Suppose -2*y - g*s = 3*s - 28, -4 = -4*y + 3*s. List the prime factors of y.
2
Suppose 0*p - p = -3*s - 49, 2*p - 94 = 4*s. List the prime factors of p.
43
Let j be -3 + 5 - (-4)/4. Suppose 3*i - 11 = p + 23, j*i - 46 = -5*p. List the prime factors of i.
2, 3
Let q(x) = x**3 + 7*x**2 + 4*x + 10. What are the prime factors of q(-6)?
2, 11
Let v(n) = -n**3 - 10*n**2 - 12*n - 11. List the prime factors of v(-9).
2
Let l = -86 + 105. What are the prime factors of l?
19
Suppose 0 = 5*d - 47 + 2. Suppose 0*v = -5*z - 2*v + d, 9 = 4*z + v. List the prime factors of 111/9 - 1/z.
2, 3
Let v(h) = -h**3 - 8*h**2 - 5*h + 4. Suppose 2*q - 20 = 4*g, -4*q - 21 - 16 = 3*g. Let b be v(g). What are the prime factors of 3/1*b/(-6)?
5
Let q = 7 + -5. Suppose -q*c - 3*u = -4, -4*c - c - 3*u + 10 = 0. What are the prime factors of c?
2
Let g(w) = -8*w**3 - w**2 - 2*w + 2. List the prime factors of g(-2).
2, 3, 11
Let k(j) = -5*j + 49. What are the prime factors of k(-28)?
3, 7
Suppose 4*s + 85 = -s. Let x = -17 + 11. Let i = x - s. List the prime factors of i.
11
Suppose 6 + 59 = y - 2*q, -y = 4*q - 41. Suppose -y = -w + 4*w. Let n = 36 + w. What are the prime factors of n?
17
Let q(p) = p**3 - 6*p**2 - 14*p - 1. List the prime factors of q(9).
2, 29
Suppose -141 + 466 = 5*n. List the prime factors of n.
5, 13
Suppose 5*a = -25 + 250. List the prime factors of a.
3, 5
Suppose b = -b + 38. List the prime factors of b.
19
Suppose 2*p - 3*p - 84 = 0. Let u(a) = a + 4. Let i be u(6). List the prime factors of p/(-10) - 4/i.
2
Let o = 720 + -1088. What are the prime factors of (-1)/3 - o/24?
3, 5
Suppose -3*a + 7 = 1. Let z(b) = -b + b**3 + 7*b + 2*b**a + 6*b**2 + 3. What are the prime factors of z(-7)?
2, 5
Suppose 2*f + 0*f - 14 = 0. Let h(r) = 10 + 2*r - 2*r - r. What are the prime factors of h(f)?
3
Let r(p) = p**3 + 7*p**2 - 1. List the prime factors of r(-6).
5, 7
Let b be 4/(-3)*18/4. What are the prime factors of (b/(-4))/((-1)/(-2))?
3
Suppose -3*s + 245 = 68. What are the prime factors of s?
59
Let s be 22/18 + 10/(-45). Suppose 4*g = -t + 67, 2*g = -3*t + 22 - s. List the prime factors of g.
2, 3
Suppose -10 = 5*p + 10. What are the prime factors of ((-34)/p)/(3/6)?
17
Let y = 11 - 30. Let x = -3 - y. List the prime factors of x.
2
Suppose j + 1 = -0. What are the prime factors of 451/33 - j/3?
2, 7
Let j be (-4)/18 + 833/63. Let m be (-4)/10 + j/(-5). Let a(u) = u**2 - u - 1. What are the prime factors of a(m)?
11
Let o = 2 + 4. Let n(u) = 5*u - 6. Let i be n(o). Let t = i + -14. What are the prime factors of t?
2, 5
Let m(a) = -3*a - 16. What are the prime factors of m(-7)?
5
Let g(c) = -25*c + 5. List the prime factors of g(-5).
2, 5, 13
Suppose -13*c - 28 = -17*c. What are the prime factors of c?
7
Suppose -n + 12 = 5*y - 6, 4*y - 22 = 3*n. Suppose -4*d + 3*g + 36 = 0, -2*d + y*g = 2*d - 36. List the prime factors of d.
3
Let w(l) = l**3 - 10*l**2 + 10. What are the prime factors of w(10)?
2, 5
Let o be 1/((-2)/(-3))*2. Suppose -2*q + 7*q - 8 = -2*d, -o*d + 12 = q. Suppose q - 3 = -h. List the prime factors of h.
3
Let r be -6 - -38 - 2*1. Suppose 4*f - 30 = r. What are the prime factors of f?
3, 5
Suppose 0 = j - 47 - 2. Suppose -j = -4*u + 23. List the prime factors of u.
2, 3
Let k(s) = -s - 2. Let q be k(-4). Let c = q - 4. What are the prime factors of c*(-3)/3*5?
2, 5
Let x(p) = 5*p. Let t = 28 - 24. List the prime factors of x(t).
2, 5
Let v(w) = w**2 - 3*w + 2. Suppose t = 2*t - 7. Suppose t - 17 = -2*g. List the prime factors of v(g).
2, 3
Suppose o + 225 = 5*f - 0*o, 0 = -2*f - o + 90. List the prime factors of f.
3, 5
Let d = -3 + 10. What are the prime factors of d?
7
Suppose -7 = 2*n + 5. Let m(j) = j**2 + j - 1. Let k(q) = -6*q**2 - 10*q - 4. Let y(u) = -k(u) - 5*m(u). List the prime factors of y(n).
3, 5
Let j = -33 + 98. Suppose 3*f - j = -14. List the prime factors of f.
17
Let t = 18 + 17. What are the prime factors of t?
5, 7
Let t(f) = f**2 + 9*f - 7. Let i be t(-9). What are the prime factors of 35/(-10)*12/i?
2, 3
Let y = 15 - -135. What are the prime factors of y?
2, 3, 5
Let s = 29 - 16. Let h = s - -6. List the prime factors of h.
19
What are the prime factors of (1 - 4 - -4) + 17?
2, 3
Let l(o) = -7*o**3 + 35*o**2 - 30*o + 7. Let w(a) = -4*a**3 + 18*a**2 - 15*a + 3. Let k(t) = -3*l(t) + 5*w(t). List the prime factors of k(14).
2
Suppose -2*l = -0*l. Let y be 1 + 0 + 19 + l. Let m = y + -11. List the prime factors of m.
3
Let s be 1 - (-1 - -4)/(-3). Suppose -s = 2*r + 22. What are the prime factors of -9*(-2)/r*-2?
3
Suppose 2*j + 2*j + 688 = 0. What are the prime factors of 4/(-14) + j/(-14)?
2, 3
Let k be -3*3/((-9)/(-6)). What are the prime factors of 316/8 + (-3)/k?
2, 5
Suppose 2*o = -3*u + 11, 0*o - o + 5 = u. Suppose 10 = -5*i + 10*i. What are the prime factors of -11*i*u/(-2)?
11
Let o be 6/((-21)/(-12) + -1). Suppose -3*h - 174 = -5*s, 3*s + 177 = o*s - 4*h. List the prime factors of s.
3, 11
Let i be (-275)/(-15) - 4/(-6). Suppose 4*d - i = 5. List the prime factors of d.
2, 3
Suppose -12*s + 10*s + 118 = 0. What are the prime factors of s?
59
Let a(t) = -7*t - 4. Let m be a(3). Let k = m - -3. Let r = 38 + k. List the prime factors of r.
2
Let y = -8 + 32. Let i be 1/((-45)/y - -2). Let o = i - 6. List the prime factors of o.
2
Let w = 2 + 2. Suppose 0 = 2*o + u + 2*u - 23, -3*o + 9 = -w*u. What are the prime factors of o?
7
Suppose -3*w = -6*w. Suppose a = -w*a + 4*b + 15, -2*a + 12 = -2*b. What are the prime factors of a?
3
Let t = 16 + -27. Let q = t + 18. List the prime factors of q.
7
Suppose 5*c + 29 = 154. Suppose 0 = -z - 4*z + 4*h - 60, 4*z = -4*h - 84. Let w = c + z. What are the prime factors of w?
3
Let q = 71 - 11. What are the prime factors of q?
2, 3, 5
Suppose 0 = -0*t - 11*t + 209. List the prime factors of t.
19
What are the prime factors of 2/(-12)*-2*78?
2, 13
Let s = 14 + -7. Let h(j) = j**2 - 7*j + 2. List the prime factors of h(s).
2
Suppose 33 + 28 = 3*t - m, 69 = 3*t - 3*m. Let h = 48 - t. Let i = 43 - h. What are the prime factors of i?
2, 7
Let x(u) = -2*u - 6. Suppose 14 = -5*m + 4*l - 2, 4*l = m + 16. Let q be (m + -3)/((-6)/(-8)). What are the prime factors of x(q)?
2
Let s(d) = -3*d**2 + 4*d + 6. Let k(j) = -8*j**2 + 11*j + 18. Let z(f) = 4*k(f) - 11*s(f). Let u be z(0). What are the prime factors of 1/(1 + u/(-7))?
7
Let j be (-268)/(-12)*3/1. Suppose w = 3*w - u - j, 4*w + 2*u - 130 = 0. Let c = w + -22. List the prime factors of c.
11
Let v = -10 - -1. Let m = v + 33. List the prime factors of m.
2, 3
Suppose 4*p = -0*o + 5*o + 409, -5*o + 399 = 4*p. Suppose -5*g + 34 = -p. List the prime factors of g.
3
Let z = 21 + -11. Suppose -a + z = a, -2*u - a + 11 = 0. Suppose -u*b + 44 = -2*d, d + 58 = 4*b - d. What are the prime factors of b?
2, 7
Let c be -2*-37*(-1)/(-2). Suppose -7*x + c = -2*x - 4*t, t + 23 = 4*x. What are the prime factors of x?
5
Let c = 5 - 1. Suppose -4*b + c*t = -0*t - 28, 0 = 4*b - 5*t - 23. What are the prime factors of b?
2, 3
Let z = 3 + 0. Let o be -10*z/(-6)